nits digit of 1853?
3
What is the tens digit of 8134?
3
What is the tens digit of 1026?
2
What is the tens digit of 498?
9
What is the tens digit of 1559?
5
What is the hundreds digit of 21646?
6
What is the tens digit of 156175?
7
What is the ten thousands digit of 15118?
1
What is the tens digit of 6790?
9
What is the tens digit of 166?
6
What is the tens digit of 16864?
6
What is the tens digit of 32365?
6
What is the thousands digit of 3261?
3
What is the thousands digit of 9178?
9
What is the ten thousands digit of 17806?
1
What is the units digit of 7040?
0
What is the units digit of 3119?
9
What is the hundreds digit of 1188?
1
What is the hundreds digit of 1449?
4
What is the tens digit of 13674?
7
What is the tens digit of 143341?
4
What is the thousands digit of 1435?
1
What is the units digit of 85?
5
What is the hundreds digit of 851?
8
What is the ten thousands digit of 23017?
2
What is the thousands digit of 26268?
6
What is the thousands digit of 1480?
1
What is the ten thousands digit of 32591?
3
What is the hundreds digit of 2329?
3
What is the hundreds digit of 475?
4
What is the tens digit of 5799?
9
What is the thousands digit of 2845?
2
What is the hundreds digit of 6082?
0
What is the hundreds digit of 48729?
7
What is the units digit of 6212?
2
What is the hundreds digit of 9580?
5
What is the hundred thousands digit of 116259?
1
What is the hundreds digit of 12908?
9
What is the units digit of 1702?
2
What is the units digit of 43883?
3
What is the thousands digit of 3255?
3
What is the hundreds digit of 665?
6
What is the hundreds digit of 10091?
0
What is the tens digit of 6679?
7
What is the thousands digit of 53743?
3
What is the tens digit of 3147?
4
What is the tens digit of 383?
8
What is the tens digit of 3212?
1
What is the thousands digit of 11729?
1
What is the hundreds digit of 10966?
9
What is the units digit of 5599?
9
What is the units digit of 10859?
9
What is the thousands digit of 1400?
1
What is the thousands digit of 1315?
1
What is the thousands digit of 2633?
2
What is the units digit of 17708?
8
What is the units digit of 21921?
1
What is the thousands digit of 6352?
6
What is the hundreds digit of 43122?
1
What is the hundreds digit of 760?
7
What is the units digit of 439?
9
What is the ten thousands digit of 23451?
2
What is the units digit of 53597?
7
What is the tens digit of 292?
9
What is the hundreds digit of 272?
2
What is the thousands digit of 11900?
1
What is the thousands digit of 14699?
4
What is the units digit of 10968?
8
What is the hundreds digit of 5650?
6
What is the tens digit of 39?
3
What is the units digit of 2725?
5
What is the units digit of 8023?
3
What is the tens digit of 153574?
7
What is the thousands digit of 11619?
1
What is the thousands digit of 57494?
7
What is the thousands digit of 2284?
2
What is the thousands digit of 1135?
1
What is the units digit of 11?
1
What is the tens digit of 3400?
0
What is the thousands digit of 5630?
5
What is the units digit of 30744?
4
What is the units digit of 104008?
8
What is the units digit of 6273?
3
What is the units digit of 1616?
6
What is the hundreds digit of 2838?
8
What is the thousands digit of 114257?
4
What is the units digit of 280?
0
What is the hundreds digit of 659?
6
What is the hundreds digit of 1159?
1
What is the thousands digit of 2350?
2
What is the units digit of 5012?
2
What is the units digit of 2611?
1
What is the hundreds digit of 32424?
4
What is the units digit of 5596?
6
What is the units digit of 60882?
2
What is the thousands digit of 2271?
2
What is the tens digit of 1741?
4
What is the ten thousands digit of 30976?
3
What is the hundreds digit of 134233?
2
What is the hundreds digit of 16273?
2
What is the thousands digit of 28538?
8
What is the thousands digit of 1342?
1
What is the tens digit of 32626?
2
What is the units digit of 2304?
4
What is the thousands digit of 1137?
1
What is the tens digit of 443?
4
What is the units digit of 1920?
0
What is the thousands digit of 4574?
4
What is the hundreds digit of 12914?
9
What is the thousands digit of 36925?
6
What is the hundreds digit of 4308?
3
What is the hundreds digit of 87048?
0
What is the units digit of 862?
2
What is the hundreds digit of 1320?
3
What is the thousands digit of 1714?
1
What is the units digit of 4294?
4
What is the thousands digit of 1830?
1
What is the units digit of 21995?
5
What is the hundreds digit of 370?
3
What is the units digit of 1391?
1
What is the tens digit of 27152?
5
What is the hundreds digit of 2580?
5
What is the thousands digit of 73439?
3
What is the thousands digit of 2619?
2
What is the hundreds digit of 130599?
5
What is the thousands digit of 7118?
7
What is the hundreds digit of 8740?
7
What is the hundreds digit of 6755?
7
What is the thousands digit of 2576?
2
What is the ten thousands digit of 24273?
2
What is the ten thousands digit of 28651?
2
What is the hundreds digit of 1599?
5
What is the units digit of 134648?
8
What is the hundreds digit of 1687?
6
What is the thousands digit of 1124?
1
What is the hundreds digit of 7622?
6
What is the hundreds digit of 29835?
8
What is the thousands digit of 3354?
3
What is the units digit of 43497?
7
What is the tens digit of 1630?
3
What is the ten thousands digit of 86867?
8
What is the units digit of 5400?
0
What is the thousands digit of 10642?
0
What is the tens digit of 2569?
6
What is the units digit of 384?
4
What is the thousands digit of 4358?
4
What is the hundreds digit of 3969?
9
What is the units digit of 66?
6
What is the units digit of 2298?
8
What is the thousands digit of 1948?
1
What is the ten thousands digit of 29646?
2
What is the hundred thousands digit of 125499?
1
What is the tens digit of 477?
7
What is the hundreds digit of 1977?
9
What is the units digit of 33836?
6
What is the tens digit of 1818?
1
What is the thousands digit of 1322?
1
What is the hundreds digit of 2060?
0
What is the ten thousands digit of 71490?
7
What is the hundreds digit of 39646?
6
What is the units digit of 933?
3
What is the hundreds digit of 17236?
2
What is the tens digit of 60058?
5
What is the tens digit of 6268?
6
What is the tens digit of 30278?
7
What is the units digit of 52024?
4
What is the tens digit of 215?
1
What is the hundreds digit of 112951?
9
What is the units digit of 7610?
0
What is the hundreds digit of 955?
9
What is the hundreds digit of 985?
9
What is the thousands digit of 6705?
6
What is the units digit of 8404?
4
What is the units digit of 2850?
0
What is the hundreds digit of 129?
1
What is the ten thousands digit of 45150?
4
What is the tens digit of 4231?
3
What is the hundreds digit of 45885?
8
What is the tens digit of 106976?
7
What is the hundreds digit of 8340?
3
What is the tens digit of 31506?
0
What is the ten thousands digit of 31365?
3
What is the units digit of 26034?
4
What is the tens digit of 1623?
2
What is the hundreds digit of 649?
6
What is the hundreds digit of 29757?
7
What is the ten thousands digit of 51871?
5
What is the hundreds digit of 721?
7
What is the hundreds digit of 3659?
6
What is the hundreds digit of 4229?
2
What is the hundreds digit of 4298?
2
What is the thousands digit of 2869?
2
What is the tens digit of 18914?
1
What is the tens digit of 836?
3
What is the tens digit of 988?
8
What is the units digit of 7526?
6
What is the thousands digit of 2570?
2
What is the hundreds digit of 51476?
4
What is the units digit of 1859?
9
What is the hundred thousands digit of 156869?
1
What is the units digit of 2575?
5
What is the units digit of 4607?
7
What is the units digit of 1591?
1
What is the tens digit of 1013?
1
What is the thousands digit of 1018?
1
What is the tens digit of 7482?
8
What is the hundreds digit of 6634?
6
What is the tens digit of 4495?
9
What is the hundreds digit of 67108?
1
What is the ten thousands digit of 12551?
1
What is the hundreds digit of 3533?
5
What is the units digit of 8409?
9
What is the hundreds digit of 499?
4
What is the hundreds digit of 43798?
7
What is the thousands digit of 4416?
4
What is the thousands digit of 3040?
3
What is the thousands digit of 10718?
0
What is the ten thousands digit of 10365?
1
What is the tens digit of 26147